emainder when 34209 is divided by 147?
105
Calculate the remainder when 48085179 is divided by 3740.
3739
What is the remainder when 2346234 is divided by 780?
774
What is the remainder when 1914668 is divided by 3312?
332
What is the remainder when 84349 is divided by 41435?
1479
Calculate the remainder when 141787 is divided by 1117.
1045
Calculate the remainder when 5818 is divided by 271.
127
Calculate the remainder when 29996342 is divided by 17.
12
What is the remainder when 30637 is divided by 29784?
853
Calculate the remainder when 12568171 is divided by 191.
180
Calculate the remainder when 3314009 is divided by 27164.
1
What is the remainder when 360824 is divided by 175?
149
What is the remainder when 6585461 is divided by 60417?
8
Calculate the remainder when 7657473 is divided by 1715.
1713
What is the remainder when 4473367 is divided by 180?
7
What is the remainder when 18677 is divided by 2014?
551
What is the remainder when 519300 is divided by 111?
42
Calculate the remainder when 2194770 is divided by 313527.
81
Calculate the remainder when 34763 is divided by 8677.
55
What is the remainder when 3075167 is divided by 614775?
1292
What is the remainder when 1597142 is divided by 1159?
40
What is the remainder when 343262 is divided by 8779?
881
Calculate the remainder when 265288 is divided by 3683.
112
Calculate the remainder when 46460 is divided by 14633.
2561
Calculate the remainder when 241470177 is divided by 10.
7
Calculate the remainder when 123176 is divided by 61578.
20
What is the remainder when 753912 is divided by 163?
37
What is the remainder when 640445 is divided by 499?
228
Calculate the remainder when 18030895 is divided by 1060636.
83
Calculate the remainder when 2521655 is divided by 46.
27
Calculate the remainder when 1367815 is divided by 48.
7
What is the remainder when 121016558 is divided by 140?
138
What is the remainder when 5201976 is divided by 2545?
2541
Calculate the remainder when 3867073 is divided by 10.
3
What is the remainder when 337059 is divided by 78?
21
What is the remainder when 136305 is divided by 2129?
49
What is the remainder when 45363 is divided by 1334?
7
What is the remainder when 5196003 is divided by 694?
25
Calculate the remainder when 78314 is divided by 26069.
107
What is the remainder when 119409222 is divided by 34?
32
Calculate the remainder when 81446530 is divided by 1657.
9
What is the remainder when 4212673 is divided by 702112?
1
Calculate the remainder when 762307 is divided by 8878.
7677
What is the remainder when 25704247 is divided by 130?
127
What is the remainder when 76933 is divided by 75172?
1761
Calculate the remainder when 196947 is divided by 2814.
2781
Calculate the remainder when 134133306 is divided by 84.
6
Calculate the remainder when 433277 is divided by 25473.
236
What is the remainder when 17843 is divided by 1749?
353
What is the remainder when 11897669 is divided by 1699664?
21
What is the remainder when 181276 is divided by 90361?
554
Calculate the remainder when 688445 is divided by 31289.
87
Calculate the remainder when 1926639332 is divided by 93.
89
Calculate the remainder when 26173 is divided by 13060.
53
Calculate the remainder when 2871496 is divided by 498.
28
What is the remainder when 42882130 is divided by 120118?
4
What is the remainder when 788474 is divided by 15?
14
What is the remainder when 524115 is divided by 1839?
0
What is the remainder when 34207 is divided by 520?
407
What is the remainder when 12635850 is divided by 1905?
1890
What is the remainder when 13123035 is divided by 802?
711
Calculate the remainder when 56019 is divided by 1134.
453
Calculate the remainder when 80596971 is divided by 104.
91
What is the remainder when 3745782 is divided by 769?
752
What is the remainder when 442967231 is divided by 3603?
3602
Calculate the remainder when 142850 is divided by 2215.
1090
Calculate the remainder when 4412090 is divided by 2206030.
30
What is the remainder when 2161099 is divided by 671?
479
What is the remainder when 4725196 is divided by 4725183?
13
Calculate the remainder when 1556599 is divided by 860.
859
Calculate the remainder when 5608592 is divided by 1359.
1358
What is the remainder when 3332790 is divided by 63?
27
What is the remainder when 369432 is divided by 6228?
1980
Calculate the remainder when 353235 is divided by 370.
255
What is the remainder when 28226 is divided by 1632?
482
What is the remainder when 235426 is divided by 8490?
6196
Calculate the remainder when 125483 is divided by 7358.
397
What is the remainder when 422345 is divided by 140736?
137
Calculate the remainder when 65391 is divided by 41.
37
What is the remainder when 68971133 is divided by 52?
49
Calculate the remainder when 5130348 is divided by 27.
24
Calculate the remainder when 1605335 is divided by 40133.
15
What is the remainder when 584237 is divided by 3192?
101
What is the remainder when 13833188 is divided by 3072?
3044
Calculate the remainder when 410242 is divided by 410144.
98
Calculate the remainder when 1803362 is divided by 225416.
34
Calculate the remainder when 10852712 is divided by 197.
179
What is the remainder when 132469 is divided by 83?
1
Calculate the remainder when 73950588 is divided by 3955.
3953
What is the remainder when 7391163 is divided by 24?
3
Calculate the remainder when 16433585 is divided by 2347648.
49
What is the remainder when 2402163 is divided by 190?
183
What is the remainder when 406226315 is divided by 1939?
1937
Calculate the remainder when 466109 is divided by 121.
17
What is the remainder when 546502 is divided by 866?
56
Calculate the remainder when 7669816 is divided by 1533951.
61
Calculate the remainder when 35127326 is divided by 13.
0
Calculate the remainder when 13998432 is divided by 1749796.
64
Calculate the remainder when 7958462 is divided by 32.
30
Calculate the remainder when 50849 is divided by 10157.
64
What is the remainder when 942274 is divided by 4882?
48
Calculate the remainder when 2307875 is divided by 697.
108
What is the remainder when 316002 is divided by 201?
30
What is the remainder when 881564 is divided by 7408?
12
What is the remainder when 396633 is divided by 214?
91
Calculate the remainder when 3550359 is divided by 1183452.
3
Calculate the remainder when 278729 is divided by 90.
89
What is the remainder when 25004669 is divided by 193?
168
What is the remainder when 1111397 is divided by 2287?
2202
Calculate the remainder when 5023161 is divided by 1991.
1859
What is the remainder when 8885802 is divided by 700?
2
Calculate the remainder when 35427462 is divided by 1827.
105
What is the remainder when 8268678 is divided by 276?
270
Calculate the remainder when 112876333 is divided by 2145.
2143
What is the remainder when 126411 is divided by 916?
3
What is the remainder when 23588621 is divided by 5118?
4877
Calculate the remainder when 17229381 is divided by 49.
1
What is the remainder when 8051095 is divided by 894564?
19
What is the remainder when 3829304 is divided by 703?
63
Calculate the remainder when 16902 is divided by 1006.
806
Calculate the remainder when 21826486 is divided by 21826482.
4
What is the remainder when 5100380 is divided by 318773?
12
Calculate the remainder when 1499659 is divided by 2903.
1711
What is the remainder when 86625 is divided by 2478?
2373
What is the remainder when 61935 is divided by 2452?
635
What is the remainder when 17498026 is divided by 9001?
82
What is the remainder when 662152 is divided by 2730?
1492
Calculate the remainder when 1313735 is divided by 86.
85
What is the remainder when 13716557 is divided by 221?
192
Calculate the remainder when 1062022 is divided by 30.
22
Calculate the remainder when 7419645 is divided by 17017.
233
Calculate the remainder when 599988 is divided by 3457.
1927
What is the remainder when 7695717 is divided by 69?
9
What is the remainder when 126146771 is divided by 7596?
7595
Calculate the remainder when 299324 is divided by 191.
27
Calculate the remainder when 1106284 is divided by 2426.
28
Calculate the remainder when 365679 is divided by 365593.
86
Calculate the remainder when 7608831 is divided by 8.
7
What is the remainder when 29626206 is divided by 48